{"id":49,"date":"2025-06-24T16:01:16","date_gmt":"2025-06-24T14:01:16","guid":{"rendered":"https:\/\/www.cognacathle.com\/?page_id=49"},"modified":"2025-09-29T14:56:45","modified_gmt":"2025-09-29T12:56:45","slug":"contacts","status":"publish","type":"page","link":"https:\/\/www.cognacathle.com\/?page_id=49","title":{"rendered":"Contacts"},"content":{"rendered":"\n<div class=\"wp-block-cover alignfull\" style=\"margin-top:0;margin-bottom:0;padding-bottom:20vh;min-height:476px;aspect-ratio:unset;\"><img loading=\"lazy\" decoding=\"async\" width=\"818\" height=\"588\" class=\"wp-block-cover__image-background wp-image-15 size-full\" alt=\"\" src=\"https:\/\/www.cognacathle.com\/wp-content\/uploads\/2025\/06\/Capture-decran-2025-06-24-a-15.25.15.png\" data-object-fit=\"cover\" srcset=\"https:\/\/www.cognacathle.com\/wp-content\/uploads\/2025\/06\/Capture-decran-2025-06-24-a-15.25.15.png 818w, https:\/\/www.cognacathle.com\/wp-content\/uploads\/2025\/06\/Capture-decran-2025-06-24-a-15.25.15-300x216.png 300w, https:\/\/www.cognacathle.com\/wp-content\/uploads\/2025\/06\/Capture-decran-2025-06-24-a-15.25.15-768x552.png 768w\" sizes=\"auto, (max-width: 818px) 100vw, 818px\" \/><span aria-hidden=\"true\" class=\"wp-block-cover__background has-background-dim-40 has-background-dim\" style=\"background-color:#3f4a49\"><\/span><div class=\"wp-block-cover__inner-container has-global-padding is-layout-constrained wp-container-core-cover-is-layout-0709cc71 wp-block-cover-is-layout-constrained\">\n<div class=\"wp-block-columns is-layout-flex wp-container-core-columns-is-layout-28f84493 wp-block-columns-is-layout-flex\">\n<div class=\"wp-block-column is-layout-flow wp-block-column-is-layout-flow\"><\/div>\n<\/div>\n\n\n\n<p><\/p>\n\n\n\n<h2 class=\"wp-block-heading has-text-align-center\"><strong>Cognac Athl\u00e9tique Club <\/strong><\/h2>\n\n\n\n<p class=\"has-text-align-center\"><strong>&#8211; 199 Av. Victor Hugo, 16100 Cognac<\/strong><\/p>\n<\/div><\/div>\n\n\n\n<div class=\"wp-block-group alignfull has-global-padding is-layout-constrained wp-container-core-group-is-layout-dfcc580f wp-block-group-is-layout-constrained\" style=\"margin-top:0;margin-bottom:0;padding-top:100px;padding-bottom:0px\">\n<div class=\"wp-block-columns alignwide is-layout-flex wp-container-core-columns-is-layout-2be0c77d wp-block-columns-is-layout-flex\" style=\"margin-top:40px;margin-bottom:40px\">\n<div class=\"wp-block-column is-layout-flow wp-block-column-is-layout-flow\">\n<figure class=\"wp-block-image aligncenter size-full is-resized\"><img loading=\"lazy\" decoding=\"async\" width=\"420\" height=\"280\" src=\"https:\/\/www.cognacathle.com\/wp-content\/uploads\/2025\/07\/image.png\" alt=\"\" class=\"wp-image-138\" style=\"width:300px\" srcset=\"https:\/\/www.cognacathle.com\/wp-content\/uploads\/2025\/07\/image.png 420w, https:\/\/www.cognacathle.com\/wp-content\/uploads\/2025\/07\/image-300x200.png 300w\" sizes=\"auto, (max-width: 420px) 100vw, 420px\" \/><\/figure>\n\n\n\n<div class=\"wp-block-buttons is-content-justification-center is-layout-flex wp-container-core-buttons-is-layout-a89b3969 wp-block-buttons-is-layout-flex\">\n<div class=\"wp-block-button\"><a class=\"wp-block-button__link has-text-color has-background has-bayon-font-family has-custom-font-size wp-element-button\" href=\"#\" style=\"border-radius:50px;color:#ffffff;background-color:#086b6b;padding-top:10px;padding-right:25px;padding-bottom:10px;padding-left:25px;font-size:clamp(14px, 0.875rem + ((1vw - 3.2px) * 0.227), 16px);font-style:normal;font-weight:700;letter-spacing:0px;text-transform:uppercase\">adresse mail du cognac athletique club : cognacac16@gmail.com<br>num\u00e9ro de t\u00e9l\u00e9phone : 06 86 91 39 14<\/a><\/div>\n<\/div>\n<\/div>\n\n\n\n<div class=\"wp-block-column is-layout-flow wp-block-column-is-layout-flow\">\n<figure class=\"wp-block-image aligncenter size-full is-resized\"><img loading=\"lazy\" decoding=\"async\" width=\"632\" height=\"582\" src=\"https:\/\/www.cognacathle.com\/wp-content\/uploads\/2025\/07\/Capture-decran-2025-07-29-a-16.03.19-1.png\" alt=\"\" class=\"wp-image-127\" style=\"width:206px;height:auto\" srcset=\"https:\/\/www.cognacathle.com\/wp-content\/uploads\/2025\/07\/Capture-decran-2025-07-29-a-16.03.19-1.png 632w, https:\/\/www.cognacathle.com\/wp-content\/uploads\/2025\/07\/Capture-decran-2025-07-29-a-16.03.19-1-300x276.png 300w\" sizes=\"auto, (max-width: 632px) 100vw, 632px\" \/><\/figure>\n\n\n\n<div class=\"wp-block-buttons is-content-justification-center is-layout-flex wp-container-core-buttons-is-layout-a89b3969 wp-block-buttons-is-layout-flex\">\n<div class=\"wp-block-button\"><a class=\"wp-block-button__link has-text-color has-background has-bayon-font-family has-custom-font-size wp-element-button\" href=\"https:\/\/www.instagram.com\/cognacathletisme?utm_source=ig_web_button_share_sheet&amp;igsh=ZDNlZDc0MzIxNw%3D%3D\" style=\"border-radius:50px;color:#ffffff;background-color:#086b6b;padding-top:10px;padding-right:25px;padding-bottom:10px;padding-left:25px;font-size:clamp(14px, 0.875rem + ((1vw - 3.2px) * 0.227), 16px);font-style:normal;font-weight:700;letter-spacing:0px;text-transform:uppercase\">instagram<\/a><\/div>\n<\/div>\n<\/div>\n\n\n\n<div class=\"wp-block-column is-layout-flow wp-block-column-is-layout-flow\">\n<figure class=\"wp-block-image aligncenter size-full is-resized\"><img loading=\"lazy\" decoding=\"async\" width=\"690\" height=\"712\" src=\"https:\/\/www.cognacathle.com\/wp-content\/uploads\/2025\/07\/Capture-decran-2025-07-29-a-16.03.34.png\" alt=\"\" class=\"wp-image-128\" style=\"width:149px;height:auto\" srcset=\"https:\/\/www.cognacathle.com\/wp-content\/uploads\/2025\/07\/Capture-decran-2025-07-29-a-16.03.34.png 690w, https:\/\/www.cognacathle.com\/wp-content\/uploads\/2025\/07\/Capture-decran-2025-07-29-a-16.03.34-291x300.png 291w\" sizes=\"auto, (max-width: 690px) 100vw, 690px\" \/><\/figure>\n\n\n\n<div class=\"wp-block-buttons is-content-justification-center is-layout-flex wp-container-core-buttons-is-layout-a89b3969 wp-block-buttons-is-layout-flex\">\n<div class=\"wp-block-button\"><a class=\"wp-block-button__link has-text-color has-background has-bayon-font-family has-custom-font-size wp-element-button\" href=\"https:\/\/www.facebook.com\/people\/Cognac-athl\u00e9tique-club\/61550652080779\/?locale=fr_FR\" style=\"border-radius:50px;color:#ffffff;background-color:#086b6b;padding-top:10px;padding-right:25px;padding-bottom:10px;padding-left:25px;font-size:clamp(14px, 0.875rem + ((1vw - 3.2px) * 0.227), 16px);font-style:normal;font-weight:700;letter-spacing:0px;text-transform:uppercase\">Facebook<\/a><\/div>\n<\/div>\n<\/div>\n<\/div>\n\n\n\n<p class=\"has-text-align-center has-text-color has-link-color has-bayon-font-family wp-elements-b9ca2a8586e18a4cd6fab17d926a7c29\" style=\"color:#086b6b;font-size:clamp(14px, 0.875rem + ((1vw - 3.2px) * 0.455), 18px);font-style:normal;font-weight:700;letter-spacing:0px\"><\/p>\n\n\n\n<hr class=\"wp-block-separator has-text-color has-alpha-channel-opacity has-background is-style-wide\" style=\"margin-top:100px;margin-bottom:0px;background-color:#d2d6d5;color:#d2d6d5\"\/>\n<\/div>\n","protected":false},"excerpt":{"rendered":"","protected":false},"author":1,"featured_media":0,"parent":0,"menu_order":0,"comment_status":"closed","ping_status":"closed","template":"","meta":{"_eb_attr":"","footnotes":""},"class_list":["post-49","page","type-page","status-publish","hentry"],"_links":{"self":[{"href":"https:\/\/www.cognacathle.com\/index.php?rest_route=\/wp\/v2\/pages\/49","targetHints":{"allow":["GET"]}}],"collection":[{"href":"https:\/\/www.cognacathle.com\/index.php?rest_route=\/wp\/v2\/pages"}],"about":[{"href":"https:\/\/www.cognacathle.com\/index.php?rest_route=\/wp\/v2\/types\/page"}],"author":[{"embeddable":true,"href":"https:\/\/www.cognacathle.com\/index.php?rest_route=\/wp\/v2\/users\/1"}],"replies":[{"embeddable":true,"href":"https:\/\/www.cognacathle.com\/index.php?rest_route=%2Fwp%2Fv2%2Fcomments&post=49"}],"version-history":[{"count":14,"href":"https:\/\/www.cognacathle.com\/index.php?rest_route=\/wp\/v2\/pages\/49\/revisions"}],"predecessor-version":[{"id":314,"href":"https:\/\/www.cognacathle.com\/index.php?rest_route=\/wp\/v2\/pages\/49\/revisions\/314"}],"wp:attachment":[{"href":"https:\/\/www.cognacathle.com\/index.php?rest_route=%2Fwp%2Fv2%2Fmedia&parent=49"}],"curies":[{"name":"wp","href":"https:\/\/api.w.org\/{rel}","templated":true}]}}